{"id":199,"date":"2025-09-23T10:18:21","date_gmt":"2025-09-23T08:18:21","guid":{"rendered":"https:\/\/schulke.de\/cms\/?page_id=199"},"modified":"2025-09-23T16:04:53","modified_gmt":"2025-09-23T14:04:53","slug":"mitgliedschaften","status":"publish","type":"page","link":"https:\/\/schulke.de\/cms\/unternehmen\/mitgliedschaften\/","title":{"rendered":"Mitgliedschaften"},"content":{"rendered":"\t\t<div data-elementor-type=\"wp-page\" data-elementor-id=\"199\" class=\"elementor elementor-199\">\n\t\t\t\t\t\t<section class=\"elementor-section elementor-top-section elementor-element elementor-element-37b6a29 elementor-section-height-min-height elementor-section-boxed elementor-section-height-default elementor-section-items-middle\" data-id=\"37b6a29\" data-element_type=\"section\" data-e-type=\"section\" data-settings=\"{&quot;background_background&quot;:&quot;classic&quot;}\">\n\t\t\t\t\t\t<div class=\"elementor-container elementor-column-gap-default\">\n\t\t\t\t\t<div class=\"elementor-column elementor-col-100 elementor-top-column elementor-element elementor-element-81619fb\" data-id=\"81619fb\" data-element_type=\"column\" data-e-type=\"column\">\n\t\t\t<div class=\"elementor-widget-wrap\">\n\t\t\t\t\t\t\t<\/div>\n\t\t<\/div>\n\t\t\t\t\t<\/div>\n\t\t<\/section>\n\t\t\t\t<section class=\"elementor-section elementor-top-section elementor-element elementor-element-98c08a7 elementor-section-boxed elementor-section-height-default elementor-section-height-default\" data-id=\"98c08a7\" data-element_type=\"section\" data-e-type=\"section\">\n\t\t\t\t\t\t<div class=\"elementor-container elementor-column-gap-default\">\n\t\t\t\t\t<div class=\"elementor-column elementor-col-100 elementor-top-column elementor-element elementor-element-e217be5\" data-id=\"e217be5\" data-element_type=\"column\" data-e-type=\"column\">\n\t\t\t<div class=\"elementor-widget-wrap elementor-element-populated\">\n\t\t\t\t\t\t\t<\/div>\n\t\t<\/div>\n\t\t\t\t\t<\/div>\n\t\t<\/section>\n\t\t\t\t<section class=\"elementor-section elementor-top-section elementor-element elementor-element-c6fb848 elementor-section-boxed elementor-section-height-default elementor-section-height-default\" data-id=\"c6fb848\" data-element_type=\"section\" data-e-type=\"section\">\n\t\t\t\t\t\t<div class=\"elementor-container elementor-column-gap-default\">\n\t\t\t\t\t<div class=\"elementor-column elementor-col-100 elementor-top-column elementor-element elementor-element-43bca86\" data-id=\"43bca86\" data-element_type=\"column\" data-e-type=\"column\">\n\t\t\t<div class=\"elementor-widget-wrap elementor-element-populated\">\n\t\t\t\t\t\t<div class=\"elementor-element elementor-element-b5705ab elementor-widget elementor-widget-heading\" data-id=\"b5705ab\" data-element_type=\"widget\" data-e-type=\"widget\" data-widget_type=\"heading.default\">\n\t\t\t\t\t<h1 class=\"elementor-heading-title elementor-size-xl\">Mitgliedschaften<\/h1>\t\t\t\t<\/div>\n\t\t\t\t\t<\/div>\n\t\t<\/div>\n\t\t\t\t\t<\/div>\n\t\t<\/section>\n\t\t\t\t<section class=\"elementor-section elementor-top-section elementor-element elementor-element-65c9019 elementor-section-boxed elementor-section-height-default elementor-section-height-default\" data-id=\"65c9019\" data-element_type=\"section\" data-e-type=\"section\">\n\t\t\t\t\t\t<div class=\"elementor-container elementor-column-gap-default\">\n\t\t\t\t\t<div class=\"elementor-column elementor-col-100 elementor-top-column elementor-element elementor-element-ffc7474\" data-id=\"ffc7474\" data-element_type=\"column\" data-e-type=\"column\">\n\t\t\t<div class=\"elementor-widget-wrap elementor-element-populated\">\n\t\t\t\t\t\t\t<\/div>\n\t\t<\/div>\n\t\t\t\t\t<\/div>\n\t\t<\/section>\n\t\t\t\t<section class=\"elementor-section elementor-top-section elementor-element elementor-element-0724d4c elementor-section-boxed elementor-section-height-default elementor-section-height-default\" data-id=\"0724d4c\" data-element_type=\"section\" data-e-type=\"section\">\n\t\t\t\t\t\t<div class=\"elementor-container elementor-column-gap-default\">\n\t\t\t\t\t<div class=\"elementor-column elementor-col-100 elementor-top-column elementor-element elementor-element-b6cc1e2\" data-id=\"b6cc1e2\" data-element_type=\"column\" data-e-type=\"column\">\n\t\t\t<div class=\"elementor-widget-wrap elementor-element-populated\">\n\t\t\t\t\t\t<section class=\"elementor-section elementor-inner-section elementor-element elementor-element-57d6250 elementor-section-boxed elementor-section-height-default elementor-section-height-default\" data-id=\"57d6250\" data-element_type=\"section\" data-e-type=\"section\">\n\t\t\t\t\t\t<div class=\"elementor-container elementor-column-gap-default\">\n\t\t\t\t\t<div class=\"elementor-column elementor-col-33 elementor-inner-column elementor-element elementor-element-bd779f3\" data-id=\"bd779f3\" data-element_type=\"column\" data-e-type=\"column\">\n\t\t\t<div class=\"elementor-widget-wrap elementor-element-populated\">\n\t\t\t\t\t\t<div class=\"elementor-element elementor-element-e83ac43 elementor-widget elementor-widget-image\" data-id=\"e83ac43\" data-element_type=\"widget\" data-e-type=\"widget\" data-widget_type=\"image.default\">\n\t\t\t\t\t\t\t\t\t\t\t\t\t\t\t<img decoding=\"async\" width=\"215\" height=\"108\" src=\"https:\/\/schulke.de\/cms\/wp-content\/uploads\/2025\/09\/ihk_osnabrueck.jpg\" class=\"attachment-large size-large wp-image-409\" alt=\"\" \/>\t\t\t\t\t\t\t\t\t\t\t\t\t\t\t<\/div>\n\t\t\t\t\t<\/div>\n\t\t<\/div>\n\t\t\t\t<div class=\"elementor-column elementor-col-66 elementor-inner-column elementor-element elementor-element-cc6c131\" data-id=\"cc6c131\" data-element_type=\"column\" data-e-type=\"column\">\n\t\t\t<div class=\"elementor-widget-wrap elementor-element-populated\">\n\t\t\t\t\t\t<div class=\"elementor-element elementor-element-d2c8462 elementor-widget elementor-widget-text-editor\" data-id=\"d2c8462\" data-element_type=\"widget\" data-e-type=\"widget\" data-widget_type=\"text-editor.default\">\n\t\t\t\t\t\t\t\t\t<p>IHK Osnabr\u00fcck \u2013 Wir bilden aus !<\/p><p><a href=\"https:\/\/www.osnabrueck.ihk24.de\" target=\"_blank\" rel=\"noopener\">www.osnabrueck.ihk24.de<\/a><\/p>\t\t\t\t\t\t\t\t<\/div>\n\t\t\t\t\t<\/div>\n\t\t<\/div>\n\t\t\t\t\t<\/div>\n\t\t<\/section>\n\t\t\t\t<section class=\"elementor-section elementor-inner-section elementor-element elementor-element-9f3c8b3 elementor-section-boxed elementor-section-height-default elementor-section-height-default\" data-id=\"9f3c8b3\" data-element_type=\"section\" data-e-type=\"section\" data-settings=\"{&quot;background_background&quot;:&quot;classic&quot;}\">\n\t\t\t\t\t\t<div class=\"elementor-container elementor-column-gap-default\">\n\t\t\t\t\t<div class=\"elementor-column elementor-col-33 elementor-inner-column elementor-element elementor-element-a244bd4\" data-id=\"a244bd4\" data-element_type=\"column\" data-e-type=\"column\">\n\t\t\t<div class=\"elementor-widget-wrap elementor-element-populated\">\n\t\t\t\t\t\t<div class=\"elementor-element elementor-element-283220c elementor-widget elementor-widget-image\" data-id=\"283220c\" data-element_type=\"widget\" data-e-type=\"widget\" data-widget_type=\"image.default\">\n\t\t\t\t\t\t\t\t\t\t\t\t\t\t\t<img decoding=\"async\" width=\"200\" height=\"84\" src=\"https:\/\/schulke.de\/cms\/wp-content\/uploads\/2025\/09\/gesundheitsregion_osnabrueck.png\" class=\"attachment-large size-large wp-image-410\" alt=\"\" \/>\t\t\t\t\t\t\t\t\t\t\t\t\t\t\t<\/div>\n\t\t\t\t\t<\/div>\n\t\t<\/div>\n\t\t\t\t<div class=\"elementor-column elementor-col-66 elementor-inner-column elementor-element elementor-element-7523c81\" data-id=\"7523c81\" data-element_type=\"column\" data-e-type=\"column\">\n\t\t\t<div class=\"elementor-widget-wrap elementor-element-populated\">\n\t\t\t\t\t\t<div class=\"elementor-element elementor-element-eeee07e elementor-widget elementor-widget-text-editor\" data-id=\"eeee07e\" data-element_type=\"widget\" data-e-type=\"widget\" data-widget_type=\"text-editor.default\">\n\t\t\t\t\t\t\t\t\t<p>Gesundheitsregion Osnabr\u00fcck Emsland<\/p><p><a href=\"http:\/\/gesundheitsregion-osnabrueck-emsland.de\" target=\"_blank\" rel=\"noopener\">www.gesundheitsregion-osnabrueck-emsland.de<\/a><\/p><p><a href=\"http:\/\/gesundheitsregion-osnabrueck-emsland.de\/mitglieder\/systec-schulke-gmbh-co-kg\/\" target=\"_blank\" rel=\"noopener\">Zu unserer Infoseite<\/a><\/p>\t\t\t\t\t\t\t\t<\/div>\n\t\t\t\t\t<\/div>\n\t\t<\/div>\n\t\t\t\t\t<\/div>\n\t\t<\/section>\n\t\t\t\t<section class=\"elementor-section elementor-inner-section elementor-element elementor-element-6873056 elementor-section-boxed elementor-section-height-default elementor-section-height-default\" data-id=\"6873056\" data-element_type=\"section\" data-e-type=\"section\">\n\t\t\t\t\t\t<div class=\"elementor-container elementor-column-gap-default\">\n\t\t\t\t\t<div class=\"elementor-column elementor-col-33 elementor-inner-column elementor-element elementor-element-550be19\" data-id=\"550be19\" data-element_type=\"column\" data-e-type=\"column\">\n\t\t\t<div class=\"elementor-widget-wrap elementor-element-populated\">\n\t\t\t\t\t\t<div class=\"elementor-element elementor-element-a70fbc0 elementor-widget elementor-widget-image\" data-id=\"a70fbc0\" data-element_type=\"widget\" data-e-type=\"widget\" data-widget_type=\"image.default\">\n\t\t\t\t\t\t\t\t\t\t\t\t\t\t\t<img decoding=\"async\" width=\"266\" height=\"117\" src=\"https:\/\/schulke.de\/cms\/wp-content\/uploads\/2025\/09\/Grundschule-Logo-mini.jpg\" class=\"attachment-large size-large wp-image-411\" alt=\"\" \/>\t\t\t\t\t\t\t\t\t\t\t\t\t\t\t<\/div>\n\t\t\t\t\t<\/div>\n\t\t<\/div>\n\t\t\t\t<div class=\"elementor-column elementor-col-66 elementor-inner-column elementor-element elementor-element-94a8a7c\" data-id=\"94a8a7c\" data-element_type=\"column\" data-e-type=\"column\">\n\t\t\t<div class=\"elementor-widget-wrap elementor-element-populated\">\n\t\t\t\t\t\t<div class=\"elementor-element elementor-element-f0d410d elementor-widget elementor-widget-text-editor\" data-id=\"f0d410d\" data-element_type=\"widget\" data-e-type=\"widget\" data-widget_type=\"text-editor.default\">\n\t\t\t\t\t\t\t\t\t<p>F\u00f6rderverein der Grundschule Glandorf<\/p><p><a href=\"http:\/\/www.grundschule-glandorf.de\/\" target=\"_blank\" rel=\"noopener\">www.grundschule-glandorf.de<\/a><\/p><p><a href=\"http:\/\/www.grundschule-glandorf.de\/index.php\/elternarbeit\/foerderverein\" target=\"_blank\" rel=\"noopener\">Zum F\u00f6rderverein<\/a><\/p>\t\t\t\t\t\t\t\t<\/div>\n\t\t\t\t\t<\/div>\n\t\t<\/div>\n\t\t\t\t\t<\/div>\n\t\t<\/section>\n\t\t\t\t<section class=\"elementor-section elementor-inner-section elementor-element elementor-element-bd3d913 elementor-section-boxed elementor-section-height-default elementor-section-height-default\" data-id=\"bd3d913\" data-element_type=\"section\" data-e-type=\"section\" data-settings=\"{&quot;background_background&quot;:&quot;classic&quot;}\">\n\t\t\t\t\t\t<div class=\"elementor-container elementor-column-gap-default\">\n\t\t\t\t\t<div class=\"elementor-column elementor-col-33 elementor-inner-column elementor-element elementor-element-5d1d439\" data-id=\"5d1d439\" data-element_type=\"column\" data-e-type=\"column\">\n\t\t\t<div class=\"elementor-widget-wrap elementor-element-populated\">\n\t\t\t\t\t\t<div class=\"elementor-element elementor-element-407c92a elementor-widget elementor-widget-image\" data-id=\"407c92a\" data-element_type=\"widget\" data-e-type=\"widget\" data-widget_type=\"image.default\">\n\t\t\t\t\t\t\t\t\t\t\t\t\t\t\t<img loading=\"lazy\" decoding=\"async\" width=\"286\" height=\"95\" src=\"https:\/\/schulke.de\/cms\/wp-content\/uploads\/2025\/09\/freiwillige_feuerwehr_glandorf.png\" class=\"attachment-large size-large wp-image-412\" alt=\"\" \/>\t\t\t\t\t\t\t\t\t\t\t\t\t\t\t<\/div>\n\t\t\t\t\t<\/div>\n\t\t<\/div>\n\t\t\t\t<div class=\"elementor-column elementor-col-66 elementor-inner-column elementor-element elementor-element-9b0b60d\" data-id=\"9b0b60d\" data-element_type=\"column\" data-e-type=\"column\">\n\t\t\t<div class=\"elementor-widget-wrap elementor-element-populated\">\n\t\t\t\t\t\t<div class=\"elementor-element elementor-element-cde25bc elementor-widget elementor-widget-text-editor\" data-id=\"cde25bc\" data-element_type=\"widget\" data-e-type=\"widget\" data-widget_type=\"text-editor.default\">\n\t\t\t\t\t\t\t\t\t<p>F\u00f6rderverein der Feuerwehr Glandorf<\/p><p><a href=\"https:\/\/www.feuerwehr-glandorf.de\/\" target=\"_blank\" rel=\"noopener\">www.feuerwehr-glandorf.de<\/a><\/p><p><a href=\"https:\/\/www.feuerwehr-glandorf.de\/zweck-und-aufgabe\" target=\"_blank\" rel=\"noopener\">Zum F\u00f6rderverein<\/a><\/p>\t\t\t\t\t\t\t\t<\/div>\n\t\t\t\t\t<\/div>\n\t\t<\/div>\n\t\t\t\t\t<\/div>\n\t\t<\/section>\n\t\t\t\t<section class=\"elementor-section elementor-inner-section elementor-element elementor-element-a4f0d46 elementor-section-boxed elementor-section-height-default elementor-section-height-default\" data-id=\"a4f0d46\" data-element_type=\"section\" data-e-type=\"section\">\n\t\t\t\t\t\t<div class=\"elementor-container elementor-column-gap-default\">\n\t\t\t\t\t<div class=\"elementor-column elementor-col-33 elementor-inner-column elementor-element elementor-element-b3ba309\" data-id=\"b3ba309\" data-element_type=\"column\" data-e-type=\"column\">\n\t\t\t<div class=\"elementor-widget-wrap elementor-element-populated\">\n\t\t\t\t\t\t<div class=\"elementor-element elementor-element-8555e19 elementor-widget elementor-widget-image\" data-id=\"8555e19\" data-element_type=\"widget\" data-e-type=\"widget\" data-widget_type=\"image.default\">\n\t\t\t\t\t\t\t\t\t\t\t\t\t\t\t<img loading=\"lazy\" decoding=\"async\" width=\"300\" height=\"75\" src=\"https:\/\/schulke.de\/cms\/wp-content\/uploads\/2025\/09\/bdst-300x75-1.png\" class=\"attachment-large size-large wp-image-413\" alt=\"\" \/>\t\t\t\t\t\t\t\t\t\t\t\t\t\t\t<\/div>\n\t\t\t\t\t<\/div>\n\t\t<\/div>\n\t\t\t\t<div class=\"elementor-column elementor-col-66 elementor-inner-column elementor-element elementor-element-7f9ddf6\" data-id=\"7f9ddf6\" data-element_type=\"column\" data-e-type=\"column\">\n\t\t\t<div class=\"elementor-widget-wrap elementor-element-populated\">\n\t\t\t\t\t\t<div class=\"elementor-element elementor-element-31d10c4 elementor-widget elementor-widget-text-editor\" data-id=\"31d10c4\" data-element_type=\"widget\" data-e-type=\"widget\" data-widget_type=\"text-editor.default\">\n\t\t\t\t\t\t\t\t\t<p>Bund der Steuerzahler<\/p><p><a href=\"https:\/\/www.steuerzahler.de\" target=\"_blank\" rel=\"noopener\">www.steuerzahler.de<\/a><\/p>\t\t\t\t\t\t\t\t<\/div>\n\t\t\t\t\t<\/div>\n\t\t<\/div>\n\t\t\t\t\t<\/div>\n\t\t<\/section>\n\t\t\t\t\t<\/div>\n\t\t<\/div>\n\t\t\t\t\t<\/div>\n\t\t<\/section>\n\t\t\t\t<section class=\"elementor-section elementor-top-section elementor-element elementor-element-2c07237 elementor-section-boxed elementor-section-height-default elementor-section-height-default\" data-id=\"2c07237\" data-element_type=\"section\" data-e-type=\"section\">\n\t\t\t\t\t\t<div class=\"elementor-container elementor-column-gap-default\">\n\t\t\t\t\t<div class=\"elementor-column elementor-col-100 elementor-top-column elementor-element elementor-element-b4d0576\" data-id=\"b4d0576\" data-element_type=\"column\" data-e-type=\"column\">\n\t\t\t<div class=\"elementor-widget-wrap elementor-element-populated\">\n\t\t\t\t\t\t<section class=\"elementor-section elementor-inner-section elementor-element elementor-element-4e99137 elementor-section-boxed elementor-section-height-default elementor-section-height-default\" data-id=\"4e99137\" data-element_type=\"section\" data-e-type=\"section\">\n\t\t\t\t\t\t<div class=\"elementor-container elementor-column-gap-default\">\n\t\t\t\t\t<div class=\"elementor-column elementor-col-50 elementor-inner-column elementor-element elementor-element-083c5b5\" data-id=\"083c5b5\" data-element_type=\"column\" data-e-type=\"column\">\n\t\t\t<div class=\"elementor-widget-wrap elementor-element-populated\">\n\t\t\t\t\t\t<div class=\"elementor-element elementor-element-2bd2267 elementor-widget elementor-widget-image\" data-id=\"2bd2267\" data-element_type=\"widget\" data-e-type=\"widget\" data-widget_type=\"image.default\">\n\t\t\t\t\t\t\t\t\t\t\t\t\t\t\t\t<a href=\"https:\/\/schulke.de\/cms\/wp-content\/uploads\/2025\/09\/ServerEye-Zertifikat-Silber-Partner.jpg\" data-elementor-open-lightbox=\"yes\" data-elementor-lightbox-title=\"ServerEye-Zertifikat-Silber-Partner.jpg\" data-e-action-hash=\"#elementor-action%3Aaction%3Dlightbox%26settings%3DeyJpZCI6NDE0LCJ1cmwiOiJodHRwczpcL1wvc2NodWxrZS5kZVwvY21zXC93cC1jb250ZW50XC91cGxvYWRzXC8yMDI1XC8wOVwvU2VydmVyRXllLVplcnRpZmlrYXQtU2lsYmVyLVBhcnRuZXIuanBnIn0%3D\">\n\t\t\t\t\t\t\t<img loading=\"lazy\" decoding=\"async\" width=\"1024\" height=\"724\" src=\"https:\/\/schulke.de\/cms\/wp-content\/uploads\/2025\/09\/ServerEye-Zertifikat-Silber-Partner-1024x724.jpg\" class=\"attachment-large size-large wp-image-414\" alt=\"\" srcset=\"https:\/\/schulke.de\/cms\/wp-content\/uploads\/2025\/09\/ServerEye-Zertifikat-Silber-Partner-1024x724.jpg 1024w, https:\/\/schulke.de\/cms\/wp-content\/uploads\/2025\/09\/ServerEye-Zertifikat-Silber-Partner-300x212.jpg 300w, https:\/\/schulke.de\/cms\/wp-content\/uploads\/2025\/09\/ServerEye-Zertifikat-Silber-Partner-768x543.jpg 768w, https:\/\/schulke.de\/cms\/wp-content\/uploads\/2025\/09\/ServerEye-Zertifikat-Silber-Partner.jpg 1415w\" sizes=\"(max-width: 1024px) 100vw, 1024px\" \/>\t\t\t\t\t\t\t\t<\/a>\n\t\t\t\t\t\t\t\t\t\t\t\t\t\t\t<\/div>\n\t\t\t\t\t<\/div>\n\t\t<\/div>\n\t\t\t\t<div class=\"elementor-column elementor-col-50 elementor-inner-column elementor-element elementor-element-d59f881\" data-id=\"d59f881\" data-element_type=\"column\" data-e-type=\"column\">\n\t\t\t<div class=\"elementor-widget-wrap elementor-element-populated\">\n\t\t\t\t\t\t<div class=\"elementor-element elementor-element-e8fdf30 elementor-widget elementor-widget-image\" data-id=\"e8fdf30\" data-element_type=\"widget\" data-e-type=\"widget\" data-widget_type=\"image.default\">\n\t\t\t\t\t\t\t\t\t\t\t\t\t\t\t\t<a href=\"https:\/\/schulke.de\/cms\/wp-content\/uploads\/2025\/09\/IHK-Zertifikat-Ausbildung-2021.jpg\" data-elementor-open-lightbox=\"yes\" data-elementor-lightbox-title=\"IHK-Zertifikat-Ausbildung-2021.jpg\" data-e-action-hash=\"#elementor-action%3Aaction%3Dlightbox%26settings%3DeyJpZCI6NDE1LCJ1cmwiOiJodHRwczpcL1wvc2NodWxrZS5kZVwvY21zXC93cC1jb250ZW50XC91cGxvYWRzXC8yMDI1XC8wOVwvSUhLLVplcnRpZmlrYXQtQXVzYmlsZHVuZy0yMDIxLmpwZyJ9\">\n\t\t\t\t\t\t\t<img loading=\"lazy\" decoding=\"async\" width=\"724\" height=\"1024\" src=\"https:\/\/schulke.de\/cms\/wp-content\/uploads\/2025\/09\/IHK-Zertifikat-Ausbildung-2021-724x1024.jpg\" class=\"attachment-large size-large wp-image-415\" alt=\"\" srcset=\"https:\/\/schulke.de\/cms\/wp-content\/uploads\/2025\/09\/IHK-Zertifikat-Ausbildung-2021-724x1024.jpg 724w, https:\/\/schulke.de\/cms\/wp-content\/uploads\/2025\/09\/IHK-Zertifikat-Ausbildung-2021-212x300.jpg 212w, https:\/\/schulke.de\/cms\/wp-content\/uploads\/2025\/09\/IHK-Zertifikat-Ausbildung-2021-768x1087.jpg 768w, https:\/\/schulke.de\/cms\/wp-content\/uploads\/2025\/09\/IHK-Zertifikat-Ausbildung-2021.jpg 1000w\" sizes=\"(max-width: 724px) 100vw, 724px\" \/>\t\t\t\t\t\t\t\t<\/a>\n\t\t\t\t\t\t\t\t\t\t\t\t\t\t\t<\/div>\n\t\t\t\t\t<\/div>\n\t\t<\/div>\n\t\t\t\t\t<\/div>\n\t\t<\/section>\n\t\t\t\t\t<\/div>\n\t\t<\/div>\n\t\t\t\t\t<\/div>\n\t\t<\/section>\n\t\t\t\t<\/div>\n\t\t","protected":false},"excerpt":{"rendered":"<p>Mitgliedschaften IHK Osnabr\u00fcck \u2013 Wir bilden aus ! www.osnabrueck.ihk24.de Gesundheitsregion Osnabr\u00fcck Emsland www.gesundheitsregion-osnabrueck-emsland.de Zu unserer Infoseite F\u00f6rderverein der Grundschule Glandorf www.grundschule-glandorf.de Zum F\u00f6rderverein F\u00f6rderverein der Feuerwehr Glandorf www.feuerwehr-glandorf.de Zum F\u00f6rderverein Bund der Steuerzahler www.steuerzahler.de<\/p>\n","protected":false},"author":1,"featured_media":0,"parent":150,"menu_order":0,"comment_status":"closed","ping_status":"closed","template":"","meta":{"footnotes":""},"class_list":["post-199","page","type-page","status-publish","hentry"],"_links":{"self":[{"href":"https:\/\/schulke.de\/cms\/wp-json\/wp\/v2\/pages\/199","targetHints":{"allow":["GET"]}}],"collection":[{"href":"https:\/\/schulke.de\/cms\/wp-json\/wp\/v2\/pages"}],"about":[{"href":"https:\/\/schulke.de\/cms\/wp-json\/wp\/v2\/types\/page"}],"author":[{"embeddable":true,"href":"https:\/\/schulke.de\/cms\/wp-json\/wp\/v2\/users\/1"}],"replies":[{"embeddable":true,"href":"https:\/\/schulke.de\/cms\/wp-json\/wp\/v2\/comments?post=199"}],"version-history":[{"count":4,"href":"https:\/\/schulke.de\/cms\/wp-json\/wp\/v2\/pages\/199\/revisions"}],"predecessor-version":[{"id":418,"href":"https:\/\/schulke.de\/cms\/wp-json\/wp\/v2\/pages\/199\/revisions\/418"}],"up":[{"embeddable":true,"href":"https:\/\/schulke.de\/cms\/wp-json\/wp\/v2\/pages\/150"}],"wp:attachment":[{"href":"https:\/\/schulke.de\/cms\/wp-json\/wp\/v2\/media?parent=199"}],"curies":[{"name":"wp","href":"https:\/\/api.w.org\/{rel}","templated":true}]}}